lse
Is 6704611 a prime number?
True
Is 47007949 a prime number?
True
Is 70946717 prime?
True
Is 12304337 a prime number?
True
Is 7495339 prime?
True
Is 1118053 composite?
True
Is 92929927 prime?
True
Is 63249509 a composite number?
False
Is 467991969 composite?
True
Is 231280721 a prime number?
False
Is 15662495 composite?
True
Is 188493253 a composite number?
True
Is 14928503 composite?
False
Is 12137227 composite?
False
Is 1414067 composite?
False
Is 102354403 a composite number?
False
Is 34819403 composite?
True
Is 17050393 prime?
True
Is 100712129 prime?
False
Is 231893 a prime number?
True
Is 7404161 a prime number?
True
Is 32008423 prime?
True
Is 10148063 a composite number?
False
Is 352791919 prime?
False
Is 10626969 composite?
True
Is 282275209 prime?
True
Is 5348287 composite?
True
Is 32799881 a prime number?
True
Is 32993521 composite?
True
Is 2926309 composite?
False
Is 5526977 a prime number?
True
Is 42210055 a prime number?
False
Is 1237123 a composite number?
True
Is 207482491 a composite number?
True
Is 82683509 composite?
False
Is 115858079 a composite number?
True
Is 4821566 a composite number?
True
Is 1631989 a composite number?
False
Is 1352597 a prime number?
True
Is 1034179 a prime number?
False
Is 788461 a composite number?
True
Is 16727123 composite?
True
Is 94880829 composite?
True
Is 79314263 prime?
False
Is 19639561 a prime number?
False
Is 1843313 composite?
False
Is 978821 a prime number?
True
Is 1737997 a prime number?
False
Is 537127 a composite number?
False
Is 701839 prime?
False
Is 204697 composite?
True
Is 17037793 prime?
True
Is 118874869 composite?
False
Is 5476481 a composite number?
True
Is 431005553 a composite number?
True
Is 56793967 prime?
False
Is 14361161 composite?
False
Is 96632513 composite?
False
Is 27844733 a composite number?
True
Is 1160153 composite?
True
Is 23033371 prime?
False
Is 784709 a prime number?
False
Is 193696037 a composite number?
True
Is 9722278 composite?
True
Is 581406699 prime?
False
Is 645123263 a prime number?
True
Is 18317087 composite?
True
Is 777899 composite?
True
Is 19971563 composite?
False
Is 4073917 composite?
False
Is 1307281 a composite number?
False
Is 111001493 a prime number?
True
Is 3918517 a prime number?
False
Is 2106847 a prime number?
True
Is 315574573 prime?
False
Is 223057 composite?
True
Is 125219597 a prime number?
True
Is 105553207 prime?
False
Is 24823609 a prime number?
True
Is 1373839 a composite number?
False
Is 1487247 a prime number?
False
Is 21307337 a composite number?
True
Is 12342749 prime?
False
Is 1683917 prime?
False
Is 180905867 a prime number?
False
Is 24760523 prime?
True
Is 1616351 a prime number?
False
Is 8541881 a composite number?
False
Is 6399193 prime?
True
Is 14198287 a composite number?
False
Is 100903 a prime number?
False
Is 4914629 a prime number?
False
Is 32911511 prime?
True
Is 88291421 a prime number?
False
Is 19248623 a prime number?
False
Is 32589577 composite?
False
Is 11053843 composite?
True
Is 17391083 prime?
False
Is 552834461 composite?
False
Is 81252511 composite?
False
Is 1395101 composite?
True
Is 21240398 prime?
False
Is 311266409 a prime number?
True
Is 5048933 prime?
True
Is 62279227 prime?
True
Is 52315 a prime number?
False
Is 538612267 prime?
True
Is 2192483 prime?
False
Is 3661459 a prime number?
False
Is 30900091 a prime number?
True
Is 3404983 a composite number?
False
Is 26732393 a composite number?
False
Is 305977726 a composite number?
True
Is 60487 a composite number?
True
Is 5878289 a prime number?
True
Is 10132303 a composite number?
True
Is 9261871 a composite number?
True
Is 16521373 prime?
False
Is 924299 prime?
True
Is 1385427269 a composite number?
True
Is 162346759 a composite number?
True
Is 3618517 a prime number?
False
Is 66328783 a prime number?
True
Is 19526627 composite?
False
Is 25078 a prime number?
False
Is 20520191 prime?
True
Is 204129019 prime?
True
Is 8560187 a composite number?
True
Is 224023037 composite?
True
Is 122809 composite?
True
Is 56484031 prime?
True
Is 10259059 prime?
True
Is 108469709 a composite number?
False
Is 226533423 a composite number?
True
Is 1352419 composite?
False
Is 72299833 prime?
False
Is 112699337 a prime number?
True
Is 69405227 a composite number?
False
Is 5557213 a composite number?
False
Is 5330921 prime?
True
Is 3293279 prime?
False
Is 5242471 composite?
True
Is 22615793 prime?
False
Is 55814377 composite?
False
Is 5958247 a prime number?
True
Is 22581851 a prime number?
True
Is 32060431 composite?
True
Is 48935791 a prime number?
True
Is 45473563 a composite number?
False
Is 2891483 a composite number?
True
Is 164623469 prime?
False
Is 2680037 prime?
False
Is 4561725551 a composite number?
False
Is 9422869 prime?
False
Is 1985041 composite?
False
Is 12275909 prime?
True
Is 5387 composite?
False
Is 748441 prime?
True
Is 15251371 a composite number?
False
Is 7155901 a prime number?
False
Is 9371 composite?
False
Is 454283 prime?
False
Is 72352751 composite?
False
Is 12211293 prime?
False
Is 55239761 a prime number?
True
Is 11141641 a prime number?
False
Is 9587471 a composite number?
True
Is 3048497 composite?
False
Is 1247485 composite?
True
Is 21185173 a prime number?
True
Is 20687473 prime?
False
Is 106724281 prime?
True
Is 16077533 a prime number?
True
Is 63889649 composite?
False
Is 733097 prime?
True
Is 38118367 a composite number?
True
Is 22828573 a prime number?
True
Is 10193549 composite?
False
Is 11817283 a prime number?
False
Is 95072893 composite?
True
Is 1538203 a composite number?
False
Is 24652783 a composite number?
False
Is 3460549 composite?
True
Is 12452927 a composite number?
False
Is 7419383 composite?
False
Is 976945 prime?
False
Is 34800401 prime?
True
Is 603126353 composite?
False
Is 245501 prime?
True
Is 164131259 a prime number?
False
Is 2734253 composite?
False
Is 9983247 a composite number?
True
Is 23701057 composite?
False
Is 974556353 composite?
False
Is 452752571 a prime number?
True
Is 145942189 prime?
True
Is 340182727 prime?
True
Is 1806297 prime?
False
Is 9464599 prime?
True
Is 32743918 a prime number?
False
Is 5897753 prime?
False
Is 47342 composite?
True
Is 175837291 a prime number?
False
Is 4084719 prime?
False
Is 21365411 composite?
False
Is 2357171 a prime number?
False
Is 2286049 a composite number?
True
Is 588761123 a composite number?
False
Is 12061417 prime?
True
Is 35040301 a composite number?
False
Is 121915747 a composite number?
False
Is 706426349 a prime number?
False
Is 3320573 prime?
False
Is 2119639 prime?
False
Is 11235587 a composite number?
True
Is 26087351 prime?
False
Is 152172659 prime?
True
Is 1702697 prime?
True
Is 3254653 a prime number?
True
Is 15931163 a prime number?
False
Is 422033249 a prime number?
False
Is 309028361 a composite number?
True
Is 54062979 composite?
True
Is 35819257 prime?
False
Is 4051261 prime?
True
Is 594287 a prime number?
True
Is 338057 composite?
True
Is 2859919 composite?
False
Is 1681699607 composite?
True
Is 11211791 a prime number?
True
Is 144283 prime?
False
Is 7747417 a composite number?
True
Is 3351251 prime?
True
Is 3479943 prime?
False
Is 8604317 composite?
False
Is 6654631 prime?
False
Is 8128621 prime?
False
Is 104066227 prime?
True
Is 29256767 a composite number?
False
Is 235373 a composite number?
True
Is 10905749 a prime number?
False
Is 1475249 composite?
True
Is 6075947 composite?
False
Is 542204581 a prime number?
True
Is 11270867 composite?
False
Is 2383261 a prime number?
True
Is 29778793 a composite number?
True
Is 19401601 composite?
False
Is 17448299 a prime number?
False
Is 46696271 prime?
True
Is 16902091 prime?
True
Is 49814393 composite?
False
Is 26244461 prime?
True
Is 433077653 a composite number?
False
Is 6912691 a prime number?
False
Is 1164731 a composite number?
False
Is 21661223 prime?
True
Is 499687 a prime number?
True
Is 27202811 prime?
True
Is 39891029 composite?
True
Is 743227 prime?
False
Is 753229 a prime number?
True
Is 4831733 a prime number?
True
Is 3898819 prime?
False
Is 95600839 a composite number?
True
Is 1141115 prime?
False
Is 15831173 composite?
True
Is 62767 composite?
True
Is 9472549 a composite number?
True
Is 45835319 composite?
True
Is 672479 a composite number?
True
Is 167513 a prime number?
False
Is